s be (-3 - -6)*-1 + 363. Suppose -s = 3*r + 630. List the prime factors of (-1)/(-4) - r/24.
2, 7
Let i be (-3 - (-34)/6)*39/2. Suppose 0 = -4*o + i + 56. List the prime factors of o.
3
What are the prime factors of 672 - (3 + (-6 - -5))?
2, 5, 67
Let f(y) be the second derivative of -37*y**3/3 - y**2/2 - 48*y. List the prime factors of f(-3).
13, 17
Let k(o) be the third derivative of -o**4/24 + 4*o**3/3 + 2*o**2. Let d be k(7). What are the prime factors of ((-14)/(-1))/(d - 0)?
2, 7
Let m = -4 - 0. Let w(v) = 9*v**3 - 3*v**2 - 4. Let a be w(m). List the prime factors of a/(-16) - 2/8.
3, 13
List the prime factors of 8/3*-106*(-6)/8.
2, 53
Let z(n) = 90*n**3 + 3*n**2 - 10*n + 5. What are the prime factors of z(3)?
2, 19
Let h = -3 - -8. Suppose -27 = h*i - 7. What are the prime factors of i/(-2)*(11 + -2)?
2, 3
Let n(z) = -z**3 + 3*z**2 + 2. Let d be n(3). Suppose 6*t = d*t + 272. What are the prime factors of t?
2, 17
Suppose 4*d - 967 = -4*y - 319, 2*y - 652 = -4*d. Let h = 19 + d. List the prime factors of h.
3, 61
Let o(d) = -6*d**3 - 3*d**2 - 3*d - 1. Let i be o(-1). Suppose -3*g + 5 + 1 = 0. Suppose g*z - i = z. List the prime factors of z.
5
Let r(m) = -m**3 + 7*m**2 + 2*m - 5. Let q be r(7). Suppose 12*i = q*i + 618. What are the prime factors of i?
2, 103
Let z = -209 - -442. Let y = -149 + z. Suppose 0 = -3*v + y + 24. What are the prime factors of v?
2, 3
Let j = -293 - -742. Suppose -416 = -5*q + j. List the prime factors of q.
173
List the prime factors of (32/10)/((-270)/(-137025)).
2, 7, 29
Let l = -28 + 16. Let f be 6/2*(-28)/4. Let b = l - f. List the prime factors of b.
3
Let c(f) = f**3 - 10*f**2 - 12*f + 11. Let q be c(11). Suppose k + 3*k + 188 = q. Let b = 0 - k. List the prime factors of b.
47
Let f(c) = -4*c**2 + 69*c + 17. What are the prime factors of f(17)?
2, 17
What are the prime factors of (-8)/20 + (-76988)/(-95)?
2, 3, 5
Suppose 5*k = 10*y - 5*y + 545, -2*k + 226 = 2*y. What are the prime factors of k?
3, 37
Let a be 2/12 + (-1127)/(-6). Suppose 1178 - a = 9*m. List the prime factors of m.
2, 5, 11
Let a(b) = b**3 + b**2 + b + 2. Let z be a(-2). What are the prime factors of ((-16)/(-7) + z/14)*3?
2, 3
Suppose -2*w - 2*c = -16, w + w + 4*c - 16 = 0. Let u = w + 6. List the prime factors of u.
2, 7
Suppose 0 = 5*p - 0*p - 5*i - 215, -4*p - 2*i + 148 = 0. Let m be (-6)/6*(-15)/3. Let v = p + m. What are the prime factors of v?
2, 11
Suppose 24*h - 56183 = 43201. List the prime factors of h.
41, 101
Let t = 870 + -238. What are the prime factors of t?
2, 79
Suppose -p - 3*p - 12 = 0. Let k = -5 - p. Let u = 19 + k. What are the prime factors of u?
17
Let n be ((-16)/6)/((-5)/(-15)). Let t be 18/(-5) - n/(-20). List the prime factors of t - (-29*2 + 4).
2, 5
Suppose 7*t - 2808 + 533 = 0. What are the prime factors of t?
5, 13
Let w(d) = -d**2 + 17*d - 30. Let l = 6 - -6. List the prime factors of w(l).
2, 3, 5
What are the prime factors of (-107247)/(-24) - (-200)/(-320)?
2, 1117
Suppose 51*l - 44032 - 37772 = 0. List the prime factors of l.
2, 401
Suppose 2*w = 4*j + 1338, 10*w - 6*w + j - 2694 = 0. List the prime factors of w.
673
Let s = 432 + -345. Suppose -w = 3*z - 148, 136 = -5*w + 5*z + 896. Let l = w - s. What are the prime factors of l?
2
Let x(m) = m**2 + 7*m + 7. Let l be x(-6). Let i(p) = 8*p + 2*p - 1 - p + 2. List the prime factors of i(l).
2, 5
Let c be 2/(((-6)/(-4))/3). Suppose 4*n = -2*f + 298, 2 - 14 = -c*f. What are the prime factors of n?
73
Suppose -16*y = 5*y - 798. What are the prime factors of 3/(4 - 151/y)?
2, 3, 19
Let a(c) = c**3 - 12*c**2 + 12*c - 4. Let f be a(11). Suppose -4*y + m + 3*m = -36, -3*y - m = -f. What are the prime factors of y/(-16) + (-210)/(-8)?
2, 13
List the prime factors of 1 - 8/(-3*(-2)/(-249)).
3, 37
List the prime factors of (318/(-15))/((-8)/40).
2, 53
Let q(t) = 257*t - 163. List the prime factors of q(9).
2, 5, 43
Suppose -870 = -q + 220. What are the prime factors of q?
2, 5, 109
Let o be (-210)/(-40)*(-8)/(-6). Let d be 2*(-3 + 0) + 1. Let s = o + d. What are the prime factors of s?
2
Let u(i) = -i**3 + 8*i**2 + i - 8. Let p be u(8). Suppose p = -r - 0*r - 21. What are the prime factors of (0 - r/6)*2?
7
Suppose 2*p + 2*g - 3*g = 1347, p = 2*g + 675. What are the prime factors of p?
673
Let w(c) = 2*c**2 + 2*c + 3. Let k be w(-3). What are the prime factors of 1225/k - 1 - (-1)/3?
3
Suppose k + 3*u + 5 = 2*u, -2 = k + 2*u. Let o = k + 9. List the prime factors of (18 - 1)/(o - 0).
17
Let b(t) = -t**3 + 16*t**2 + 27*t + 5. Let u(l) = -l**3 + 15*l**2 + 26*l + 5. Let w(y) = 4*b(y) - 5*u(y). What are the prime factors of w(13)?
47
Suppose -a - 2*c = 7, -5*a - 29 = 4*c - 0*c. Let k(w) = w**2 + 2*w - 13. Let y be k(a). Suppose -4*b + y*b = -64. List the prime factors of b.
2
Let q be (-3 + (-17)/2)*-6*1. Suppose 4*b - q + 17 = 0. What are the prime factors of b?
13
Suppose 3*c + 2*n = 606 + 212, 5*c = -n + 1375. List the prime factors of c.
2, 3, 23
Let p = 94 - 92. Suppose -2 = -5*x + 18, 0 = -p*z + 5*x + 86. What are the prime factors of z?
53
Let k = 437 + -275. What are the prime factors of k?
2, 3
Let d = 542 - -262. What are the prime factors of d?
2, 3, 67
Suppose -10*h + 6*h + 12 = 0. Let w = 29 - h. List the prime factors of w.
2, 13
Suppose 3*b - 2*b - 299 = -o, o - 1483 = -5*b. Suppose 3*n = -4*x + 444, -2*n - 3*x + b = -0*x. Suppose -n + 52 = -2*d. What are the prime factors of d?
2, 3
Let i be (-21)/(-4) - 6*(-7)/(-168). Let b(h) = 2*h + 7. Let p be b(5). Suppose 6 = -o + 5*x + p, 0 = -4*o + i*x + 44. What are the prime factors of o?
11
Let j(r) = -r**3 - 7*r**2 - 4*r + 9. Let v be j(-6). List the prime factors of ((-8)/3)/(-4) - 34/v.
2, 3
Let x(n) = -n + 1. Let r(f) = -2*f + 1. Let s(q) = -6*r(q) + 13*x(q). Let p be s(5). Suppose p*m = 5*m - 33. List the prime factors of m.
11
Suppose 0 = 3*s + 2*f - 1, -5*s + 2*f + 31 = -2*f. Suppose 0 = -0*h + h - s, 2*h = -5*j + 426. List the prime factors of j.
2, 3, 7
Suppose 5*a - 283 + 43 = 0. Let h = a - 192. What are the prime factors of -5*(h/20 + 4)?
2
Let l(z) = -3*z**2 - 129*z + 112. What are the prime factors of l(-40)?
2, 59
Let h be 1 + (-3)/5 - 385/25. Let u(y) = -2*y + 43. What are the prime factors of u(h)?
73
What are the prime factors of (-3751)/(-33)*(-1 - -4)?
11, 31
Suppose 8*x - 4*x = 140. Let c = -33 + x. List the prime factors of c.
2
Let p(s) = -s**3 + 3*s + 0*s**3 + 2*s**3 + 3. What are the prime factors of p(5)?
11, 13
Let m = 5 + -1. What are the prime factors of (90/(-20))/((-2)/m)?
3
Let u be (315/60)/((-3)/(-392)). Suppose 3*v - s = u, -5*v - 2*s = -0*s - 1125. List the prime factors of v.
227
Suppose 11*n + 440 = 13*n. What are the prime factors of n?
2, 5, 11
Let b(u) = 51*u - 38. Let n be b(-6). What are the prime factors of (3/2)/(-1 - 347/n)?
2, 43
Suppose -p - 6*a + 603 = -9*a, 0 = -p + 2*a + 607. What are the prime factors of p?
3, 5, 41
Let u(v) = v**2 - 2*v + 3. Let j be u(3). Let g be 8/10*(-15)/j. List the prime factors of (42/(-49))/(g/28).
2, 3
Suppose 5796 = 2*w - 2*x, -5292 - 3430 = -3*w - 4*x. List the prime factors of w.
2, 1451
Let v(u) = u**2 + 6*u - 9. Let l(b) = -3*b**2 - 12*b + 18. Let d(c) = -3*l(c) - 5*v(c). What are the prime factors of d(4)?
79
Suppose 61*t - 30*t = 26536. What are the prime factors of t?
2, 107
Let l(g) = g**3 - 16*g**2 + 16*g + 3. Suppose -4*b + 30 = -2*b. List the prime factors of l(b).
2, 3
Let f = -150 + 329. What are the prime factors of f/5 - 36/45?
5, 7
Let g(o) be the first derivative of o**4/4 - 3*o**3 + 3*o**2/2 - 2*o + 66. Let b be ((-3)/(-2))/((-2)/(-12)). What are the prime factors of g(b)?
5
Let d = -6 + 1497. List the prime factors of d.
3, 7, 71
Let x = -61 - -63. List the prime factors of ((-2466)/(-18))/(x/4).
2, 137
Suppose -6*h + 3*h = 0. Suppose y = -h + 4. Suppose 0 = -y*f + 19 + 5. What are the prime factors of f?
2, 3
Suppose -5*h - l + 6009 = -0*h, -4*l + 1198 = h. List the prime factors of h.
2, 601
Suppose 33*k = 166 + 15146. List the prime factors of k.
2, 29
Suppose -5*w + 0*w = -2670. Suppose -4*d = -w + 166. List the prime factors of d.
2, 23
Suppose 5*w = 4*i - 91, -3*i + 53 = -3*w + i. Let y = -11 - w. Let l = 0 + y. What are the prime factors of l?
2
Suppose -n = -5 + 1. Suppose -n*z = -z - 402. Sup